{"id":189,"date":"2026-04-25T09:12:08","date_gmt":"2026-04-25T07:12:08","guid":{"rendered":"https:\/\/virelo.com.pl\/?post_type=product&#038;p=189"},"modified":"2026-04-25T09:12:08","modified_gmt":"2026-04-25T07:12:08","slug":"air-fryer-12l-piekarnik-1350w-10-trybow-airfryer-er762","status":"publish","type":"product","link":"https:\/\/virelo.com.pl\/?product=air-fryer-12l-piekarnik-1350w-10-trybow-airfryer-er762","title":{"rendered":"AIR FRYER 12L PIEKARNIK 1350W 10 TRYB\u00d3W AIRFRYER- ER762"},"content":{"rendered":"<p data-start=\"0\" data-end=\"600\"><strong data-start=\"0\" data-end=\"17\">OPIS PRODUKTU<\/strong><br data-start=\"17\" data-end=\"20\" \/>Frytkownica bezt\u0142uszczowa typu air fryer o pojemno\u015bci 8,5 l to wielofunkcyjne urz\u0105dzenie kuchenne umo\u017cliwiaj\u0105ce pieczenie, sma\u017cenie, grillowanie, suszenie oraz podgrzewanie potraw z wykorzystaniem cyrkulacji gor\u0105cego powietrza. Dzi\u0119ki mocy 1350 W oraz 10 gotowym programom automatycznym pozwala szybko i wygodnie przygotowa\u0107 r\u00f3\u017cnorodne dania bez konieczno\u015bci u\u017cywania oleju. Panel dotykowy LED z regulacj\u0105 czasu i temperatury zapewnia prost\u0105 obs\u0142ug\u0119 i precyzyjn\u0105 kontrol\u0119 procesu pieczenia. Wbudowane o\u015bwietlenie wn\u0119trza umo\u017cliwia bie\u017c\u0105cy podgl\u0105d potraw bez otwierania urz\u0105dzenia.<\/p>\n<p data-start=\"602\" data-end=\"1219\"><strong data-start=\"602\" data-end=\"629\">SPECYFIKACJA TECHNICZNA<\/strong><br data-start=\"629\" data-end=\"632\" \/>\u2022 Model: ER762<br data-start=\"646\" data-end=\"649\" data-is-only-node=\"\" \/>\u2022 Marka: Retoo<br data-start=\"663\" data-end=\"666\" \/>\u2022 Pojemno\u015b\u0107: 8,5L<br data-start=\"683\" data-end=\"686\" \/>\u2022 Moc: 1350W<br data-start=\"698\" data-end=\"701\" \/>\u2022 Napi\u0119cie: 220-240V, 50-60Hz<br data-start=\"730\" data-end=\"733\" \/>\u2022 10 tryb\u00f3w pracy<br data-start=\"750\" data-end=\"753\" \/>\u2022 Regulacja temperatury: 80\u00b0C &#8211; 200\u00b0C<br data-start=\"790\" data-end=\"793\" \/>\u2022 Regulacja czasu: 0-30 min<br data-start=\"820\" data-end=\"823\" \/>\u2022 Wy\u015bwietlacz dotykowy LED<br data-start=\"849\" data-end=\"852\" \/>\u2022 Regulacja czasu i temperatury (przyciski +\/-)<br data-start=\"899\" data-end=\"902\" \/>\u2022 Przycisk rozpocz\u0119cia, zatrzymania i wstrzymania pracy<br data-start=\"957\" data-end=\"960\" \/>\u2022 Energooszcz\u0119dna technologia<br data-start=\"989\" data-end=\"992\" \/>\u2022 R\u0119kawica ochronna \u2013 bezpieczne wyjmowanie gor\u0105cych potraw<br data-start=\"1051\" data-end=\"1054\" \/>\u2022 2x tacka \u2013 idealne do pieczenia i sma\u017cenia r\u00f3\u017cnych da\u0144<br data-start=\"1110\" data-end=\"1113\" \/>\u2022 Mini gazetka z przepisami<br data-start=\"1140\" data-end=\"1143\" \/>\u2022 Kolor: czarny, srebrny<br data-start=\"1167\" data-end=\"1170\" \/>\u2022 Wymiary: 29&#215;28,5&#215;34,5 cm<br data-start=\"1198\" data-end=\"1201\" \/>\u2022 Certyfikaty CE<\/p>\n<p data-start=\"1221\" data-end=\"1498\" data-is-last-node=\"\" data-is-only-node=\"\"><strong data-start=\"1221\" data-end=\"1239\">ZESTAW ZAWIERA<\/strong><br data-start=\"1239\" data-end=\"1242\" \/>\u2022 Frytkownica bezt\u0142uszczowa \/ piekarnik 8,5L<br data-start=\"1286\" data-end=\"1289\" data-is-only-node=\"\" \/>\u2022 R\u0119kawica ochronna \u2013 bezpieczne wyjmowanie gor\u0105cych potraw<br data-start=\"1348\" data-end=\"1351\" \/>\u2022 2x tacka \u2013 idealne do pieczenia i sma\u017cenia r\u00f3\u017cnych da\u0144<br data-start=\"1407\" data-end=\"1410\" \/>\u2022 Gazetka z przepisami<br data-start=\"1432\" data-end=\"1435\" \/>\u2022 Instrukcja obs\u0142ugi w j\u0119zyku polskim<br data-start=\"1472\" data-end=\"1475\" \/>\u2022 Oryginalne opakowanie<\/p>\n<p data-start=\"1221\" data-end=\"1498\" data-is-last-node=\"\" data-is-only-node=\"\">Dost\u0119pny kolor: czarny<\/p>\n","protected":false},"excerpt":{"rendered":"<p>OPIS PRODUKTUFrytkownica bezt\u0142uszczowa typu air fryer o pojemno\u015bci 8,5 l to wielofunkcyjne urz\u0105dzenie kuchenne umo\u017cliwiaj\u0105ce pieczenie, sma\u017cenie, grillowanie, suszenie oraz podgrzewanie potraw z wykorzystaniem cyrkulacji gor\u0105cego powietrza. Dzi\u0119ki mocy 1350 W oraz 10 gotowym programom automatycznym pozwala szybko i wygodnie przygotowa\u0107 r\u00f3\u017cnorodne dania bez konieczno\u015bci u\u017cywania oleju. Panel dotykowy LED z regulacj\u0105 czasu i temperatury [&hellip;]<\/p>\n","protected":false},"featured_media":190,"template":"","meta":[],"product_brand":[],"product_cat":[16],"product_tag":[],"class_list":{"0":"post-189","1":"product","2":"type-product","3":"status-publish","4":"has-post-thumbnail","6":"product_cat-agd","8":"first","9":"instock","10":"taxable","11":"shipping-taxable","12":"purchasable","13":"product-type-simple"},"_links":{"self":[{"href":"https:\/\/virelo.com.pl\/index.php?rest_route=\/wp\/v2\/product\/189","targetHints":{"allow":["GET"]}}],"collection":[{"href":"https:\/\/virelo.com.pl\/index.php?rest_route=\/wp\/v2\/product"}],"about":[{"href":"https:\/\/virelo.com.pl\/index.php?rest_route=\/wp\/v2\/types\/product"}],"wp:featuredmedia":[{"embeddable":true,"href":"https:\/\/virelo.com.pl\/index.php?rest_route=\/wp\/v2\/media\/190"}],"wp:attachment":[{"href":"https:\/\/virelo.com.pl\/index.php?rest_route=%2Fwp%2Fv2%2Fmedia&parent=189"}],"wp:term":[{"taxonomy":"product_brand","embeddable":true,"href":"https:\/\/virelo.com.pl\/index.php?rest_route=%2Fwp%2Fv2%2Fproduct_brand&post=189"},{"taxonomy":"product_cat","embeddable":true,"href":"https:\/\/virelo.com.pl\/index.php?rest_route=%2Fwp%2Fv2%2Fproduct_cat&post=189"},{"taxonomy":"product_tag","embeddable":true,"href":"https:\/\/virelo.com.pl\/index.php?rest_route=%2Fwp%2Fv2%2Fproduct_tag&post=189"}],"curies":[{"name":"wp","href":"https:\/\/api.w.org\/{rel}","templated":true}]}}